s.
49
Let u be (-105)/(-33) + (-4)/22. Let s = 73 + -40. What is the highest common factor of u and s?
3
Let k be 4 + -5 - 3*-2. Suppose k*x - 3*q = 24, 4*q - 6*q - 6 = 0. Let n be (2 - x)*-2 + 0. What is the highest common factor of n and 1?
1
Let g be 3 + (2 + 2 - 39). Let s = 32 + g. Suppose s*c + 2*c = 5*j + 496, 0 = 5*c + 2*j - 1211. What is the highest common divisor of 27 and c?
27
Let q(x) = -x**2 + 14*x + 8. Let h be q(13). Let n be -210*-8*(-3)/(-30). Calculate the highest common divisor of h and n.
21
Suppose 84 = 606*l - 594*l. Let c = -4 + 5. What is the highest common factor of c and l?
1
Let j(c) = 3*c + 43. Let g(r) = 8*r + 130. Let u(k) = 5*g(k) - 14*j(k). Let t be u(12). What is the greatest common factor of 84 and t?
12
Let w(r) = 4*r**2 - 13*r - 13. Let f be w(5). Calculate the highest common factor of f and 286.
22
Let x = -2045 - -2115. Calculate the greatest common factor of x and 378.
14
Let s(h) = -h**3 - 7*h**2 - 9*h + 12. Let x be s(-6). Let u be 0 + (8/2 - 2). Let a = x + u. What is the highest common divisor of 80 and a?
16
Let l = 68 + -30. Let z = -54 - -118. Suppose 6*q - 278 - z = 0. What is the greatest common divisor of q and l?
19
Suppose 4*w + f + f = 42, 4*w - 4*f = 24. Suppose -7 = -4*i + w. Let s be (-49)/(-3) + 2/(-6). What is the highest common factor of s and i?
4
Let s(d) = -2 - 4 + 6 + 37*d - 3. Let i be s(4). What is the greatest common factor of i and 29?
29
Let y = -13 + 5. Let b = 33 + y. Calculate the highest common divisor of b and 225.
25
Suppose -7*p + 2*p = p. Suppose p = -4*f + 3*u + 52, 5*u = -5*f + 2*u + 38. Calculate the greatest common factor of 2 and f.
2
Suppose -3*c = -2 - 4. Let y be (-2 - c)*(-2)/(-4). Let m be 6/4 + 1/y. Calculate the highest common divisor of 1 and m.
1
Let b(q) = 5*q**3 - q**2 - 2*q + 2. Let u be b(1). Suppose 3*y - u*g = 73, -y + 5*g = 3*y - 98. Calculate the greatest common factor of 297 and y.
27
Suppose 111 - 13 = 2*q + 2*n, -2*q + 122 = -4*n. Let z = q - 38. Let c(d) = -d + 110. Let f be c(-10). What is the highest common divisor of z and f?
15
Let f(s) = 9*s**2 - s - 4. Let g be f(2). Let c be 74/555 - (-836)/g. Suppose -2*z + 14 = 6. Calculate the greatest common divisor of c and z.
4
Suppose 3*t + 5*l - 1382 = 0, -2*t - 2*l + 634 = -294. What is the greatest common divisor of t and 14?
7
Let f(q) be the third derivative of q**4/12 - 11*q**3/6 + 10*q**2. Let j be f(7). What is the greatest common divisor of 12 and j?
3
Let g(o) = -o**2 + 5*o - 21. Let w be g(7). Let f = w - -37. What is the greatest common divisor of f and 14?
2
Suppose -z + 2 = -0. Suppose 3*l = 2*l - b + 12, z*b = -4*l + 48. Calculate the highest common divisor of l and 12.
12
Suppose -2*b + 4*r + 0 = -10, 4*r + 19 = 3*b. Let l be 3/(1 - (-9 + 9)). What is the greatest common factor of b and l?
3
Suppose -2*i - 1571 = -3*r, 2356 = -3*i + 3*r + 2*r. Let u = i - -1744. Suppose 0 = -2*s - s + u. What is the highest common factor of 29 and s?
29
Let d(b) = 2*b**3 - 7*b**2 - 4*b + 49. Let k be d(6). What is the highest common divisor of k and 15?
5
Suppose -3*k = -3*j - 111, -2*j = -k + 95 - 54. Let m(y) = 7*y**2 - y. Let q be m(2). Suppose -q = -2*i + 40. What is the greatest common divisor of k and i?
33
Suppose 0*b - b - 5*s = -2, 0 = 3*b + 5*s - 36. Let u be -6 + 2 - (7 - b). What is the greatest common divisor of u and 30?
6
Suppose w + 0*w = -3*r - 15, 0 = 5*w + 5*r + 25. Suppose q + 0*q - 64 = w. Let h be (-2 + 10)*(-4 - (-3 - 2)). Calculate the highest common divisor of h and q.
8
Suppose -5*b = -0*b - 205. Suppose -331*m = -333*m + 738. Calculate the highest common divisor of b and m.
41
Let m(k) = -k - 8. Let c be m(-13). Let x be -2 + 2 - (-10 - (4 - c)). Calculate the greatest common divisor of x and 18.
9
Let f(o) = o**3 + 2*o**2 + 3*o - 6. Let l be f(5). Let n be ((-225)/27 - -8)/(3/(-207)). What is the highest common divisor of l and n?
23
Let f be 6/(-4) + (-45)/(-10). Calculate the highest common factor of 216 and f.
3
Let g(b) = b - 7. Let d be g(11). Calculate the highest common divisor of 92 and d.
4
Suppose -2*u + 9 = u. Suppose 0 = -2*y - 5*k - 16 - u, -k + 1 = 2*y. Suppose 8*b - 60 = y*b. Calculate the greatest common divisor of b and 48.
12
Let v(u) = 4*u**2 - 13*u + 6. Suppose 35 - 23 = 3*k. Let s be v(k). What is the highest common divisor of s and 4?
2
Let d(x) = 8 - 14*x + 22 - 2*x**3 - 27*x**2 - 34. Let r be d(-13). What is the highest common factor of 63 and r?
9
Suppose -2*x = -4*t + 82, -t + 196 = -2*x - 3*x. Let j = -15 - x. What is the highest common factor of 6 and j?
6
Suppose q - 13 = -2. Let o(y) = y**2 - 9*y - 19. Let i be o(q). Calculate the greatest common divisor of i and 24.
3
Let z = -5 - -9. Suppose 5*t = 20, 2*i - t - 6 = z*t. What is the greatest common factor of 104 and i?
13
Let c be 3 - 4/2 - -8. Let u = 131 + 145. Suppose -6*j - u = -c*j. What is the highest common factor of j and 23?
23
Let g = -497 + 635. What is the greatest common divisor of 24 and g?
6
Suppose 0 = -4*g, -17*l + 13*l = 4*g - 1024. What is the highest common divisor of 160 and l?
32
Let y(c) = -10*c**2 + 9*c + 3. Let h(l) = -9*l**2 + 8*l + 2. Let s(n) = -7*h(n) + 6*y(n). Let q be s(-4). Calculate the highest common divisor of q and 12.
12
Let a(p) = -p**3 - 9*p**2 - 7*p + 11. Let g be a(-6). Let o = -51 - g. Calculate the highest common factor of 20 and o.
4
Suppose -51*u + 7114 + 7676 = 0. Suppose -2*g + 47 = n - 10, -g + 32 = -3*n. Calculate the greatest common factor of g and u.
29
Let k(m) = 9*m - 66. Let v be k(15). Let i = -37 + v. Calculate the highest common factor of i and 224.
32
Let m be (920/25)/(1/(-5)). Let w = 80 - m. Calculate the highest common divisor of 24 and w.
24
Let d = 109 - 34. Let f be (10/6 + -1)/(2/d). What is the greatest common divisor of 75 and f?
25
Let m be (0 + 15)/((-5)/(-75)) + 2. Suppose 148 = 5*l - m. Calculate the highest common divisor of l and 30.
15
Let l be (2/9)/(70/2625)*(-12)/(-10). Let c be 1/2 - 99/(-2). Calculate the highest common divisor of c and l.
10
Let k(a) = 28*a - 76. Let r be k(11). Calculate the greatest common factor of r and 8.
8
Suppose -63*t = -28*t - 140. What is the greatest common divisor of t and 34?
2
Let c = 20 + 1. Let l = -19 + c. Calculate the highest common divisor of l and 18.
2
Suppose -s - 96 = -9*s. Calculate the highest common factor of 108 and s.
12
Let q(c) = -49*c**3 + 1. Let z be q(-1). Let v = z + -30. Let d = 39 - v. What is the greatest common factor of 19 and d?
19
Suppose 5*d - 3305 = -2*u, 11*u = -3*d + 13*u + 1999. What is the highest common divisor of d and 102?
51
Let f(q) = -4*q + 27. Let s be f(13). Let j = s + 81. Calculate the greatest common divisor of j and 42.
14
Suppose 4*p - 48 = -2*s, -2*s - 10 = -4*p - 50. Let k = s + -7. What is the highest common divisor of k and 6?
3
Let v(p) = 2*p**2 - 3*p - 3. Let s be v(-3). Suppose 3*n + 5*h - 18 = 0, -4*n - h - 3*h + s = 0. What is the greatest common divisor of 6 and n?
6
Let z(w) = -w**2 - 60*w + 191. Let a be z(-38). Calculate the highest common divisor of a and 26.
13
Suppose -504 = 50*b - 56*b. Calculate the greatest common divisor of 126 and b.
42
Let f be 1/(105/20 - 5). Suppose 5*h = -b + 52, -f*b - 2*h + 318 = -4*h. Calculate the greatest common divisor of b and 11.
11
Let f(v) = -v + 2. Let w be f(-6). Let c = 560 + -386. Let r = c + -118. Calculate the greatest common divisor of w and r.
8
Suppose -15*u - 30 = -20*u. What is the greatest common divisor of 27 and u?
3
Let w be -11*(-7 + 11)*1/(-4). Suppose 0 = i - 4*x - w, -4*x - 6 = -2*i + 16. What is the greatest common divisor of i and 187?
11
Let y be 75/9 - (-2)/(-6). Let c(g) = 5*g + 5. Let o be c(3). Calculate the highest common divisor of y and o.
4
Let s be -4 + (1 - -4) + 5. Let x(l) = 21*l - 14. Let d be x(s). Let p = d + -48. What is the greatest common factor of 8 and p?
8
Let z = 1519 - 591. What is the greatest common divisor of 29 and z?
29
Suppose -3*o + 20 = 5*i + 5, -2*o = 0. Suppose 3*a + 4*h = 96, i*h - 78 = -3*a + 5*h. What is the highest common divisor of 252 and a?
28
Let r(v) = -11*v - 1. Let a be r(-1). Let b = 201 - 121. Calculate the highest common divisor of a and b.
10
Let m be ((-16)/(-28))/((-4)/(-14)). Suppose 5*x - 4*g = 135, m*x =